{"id":79,"date":"2023-10-11T14:50:48","date_gmt":"2023-10-11T12:50:48","guid":{"rendered":"http:\/\/www.boileau-music.com\/composicion-orquestacion-bandas-sonoras\/?page_id=79"},"modified":"2023-10-31T12:03:08","modified_gmt":"2023-10-31T11:03:08","slug":"el-autor","status":"publish","type":"page","link":"https:\/\/www.myscores.es\/composicion-orquestacion-bandas-sonoras\/el-autor\/","title":{"rendered":"El autor"},"content":{"rendered":"\n<h2 class=\"wp-block-heading\">Llu\u00eds Verg\u00e9s<\/h2>\n\n\n\n<p><em>(Barcelona, 1953)<\/em><\/p>\n\n\n<div class=\"wp-block-image\">\n<figure class=\"aligncenter size-full\"><img decoding=\"async\" loading=\"lazy\" width=\"277\" height=\"362\" src=\"http:\/\/www.boileau-music.com\/composicion-orquestacion-bandas-sonoras\/wp-content\/uploads\/2023\/10\/foto-lluis-verges-web.jpg\" alt=\"\" class=\"wp-image-85\" srcset=\"https:\/\/www.myscores.es\/composicion-orquestacion-bandas-sonoras\/wp-content\/uploads\/2023\/10\/foto-lluis-verges-web.jpg 277w, https:\/\/www.myscores.es\/composicion-orquestacion-bandas-sonoras\/wp-content\/uploads\/2023\/10\/foto-lluis-verges-web-230x300.jpg 230w\" sizes=\"(max-width: 277px) 100vw, 277px\" \/><\/figure><\/div>\n\n\n<p>Profesor de composici\u00f3n para bandas sonoras en la ESMUC (Escuela Superior de M\u00fasica de Catalu\u00f1a), lo que lo lleva a ser especialista en este campo y el perfil id\u00f3neo para escribir este libro. Realiz\u00f3 estudios musicales en el Conservatorio Superior Municipal de M\u00fasica de Barcelona, donde obtiene su titulaci\u00f3n. Como profesional trabaja para distintos grupos y orquestas, para televisi\u00f3n y tambi\u00e9n como m\u00fasico de sesi\u00f3n. Como compositor, arreglista y orquestador ha colaborado con distintas formaciones, publicidad y cine, as\u00ed como con formaciones sinf\u00f3nicas y de c\u00e1mara. Durante los \u00faltimos treinta a\u00f1os ha alternado su tarea profesional con la docencia, siendo profesor de numerosas escuelas e impartiendo seminarios, masters, etc&#8230;&nbsp;<\/p>\n\n\n\n<p>Fue director pedag\u00f3gico del Taller de M\u00fasics a lo largo de trece a\u00f1os, lo que le permiti\u00f3 desarrollar metodolog\u00edas propias en las disciplinas de lenguaje, armon\u00eda y arreglos, que quedaron reflejadas en la publicaci\u00f3n de varios libros, cuyo uso como textos pedag\u00f3gicos es todav\u00eda vigente. En la actualidad es profesor de la Escola Superior de M\u00fasica de Catalunya (ESMUC) en las disciplinas de T\u00e9cnicas y estilos del Jazz (Armon\u00eda de Jazz), Arreglos de Jazz I y II, Composici\u00f3n de Jazz y Film Scoring. Tambi\u00e9n, en la misma escuela, participa en la ense\u00f1anza de dos m\u00e1sters: Barcelona Jazz master y Composici\u00f3n de bandas sonoras y m\u00fasica para medios audiovisuales, en las asignaturas T\u00e9cnicas&nbsp; de composici\u00f3n para bandas sonoras y Orquestaci\u00f3n para bandas sonoras. El presente volumen es el fruto de su actividad docente a lo largo de estos a\u00f1os, durante el transcurso de los cuales ha llegado al convencimiento de que actualmente es dif\u00edcil profundizar en la composici\u00f3n sin una s\u00f3lida formaci\u00f3n, que asuma especialmente la diversidad como punto de partida.&nbsp;<\/p>\n","protected":false},"excerpt":{"rendered":"<p>Llu\u00eds Verg\u00e9s (Barcelona, 1953) Profesor de composici\u00f3n para bandas sonoras en la ESMUC (Escuela Superior de M\u00fasica de Catalu\u00f1a), lo que lo lleva a ser especialista en este campo y el perfil id\u00f3neo para escribir este libro. Realiz\u00f3 estudios musicales en el Conservatorio Superior Municipal de M\u00fasica de Barcelona, donde obtiene su titulaci\u00f3n. Como profesional &hellip; <\/p>\n<p class=\"link-more\"><a href=\"https:\/\/www.myscores.es\/composicion-orquestacion-bandas-sonoras\/el-autor\/\" class=\"more-link\">Continuar leyendo<span class=\"screen-reader-text\"> \u00abEl autor\u00bb<\/span><\/a><\/p>\n","protected":false},"author":1,"featured_media":0,"parent":0,"menu_order":0,"comment_status":"closed","ping_status":"closed","template":"","meta":[],"_links":{"self":[{"href":"https:\/\/www.myscores.es\/composicion-orquestacion-bandas-sonoras\/wp-json\/wp\/v2\/pages\/79"}],"collection":[{"href":"https:\/\/www.myscores.es\/composicion-orquestacion-bandas-sonoras\/wp-json\/wp\/v2\/pages"}],"about":[{"href":"https:\/\/www.myscores.es\/composicion-orquestacion-bandas-sonoras\/wp-json\/wp\/v2\/types\/page"}],"author":[{"embeddable":true,"href":"https:\/\/www.myscores.es\/composicion-orquestacion-bandas-sonoras\/wp-json\/wp\/v2\/users\/1"}],"replies":[{"embeddable":true,"href":"https:\/\/www.myscores.es\/composicion-orquestacion-bandas-sonoras\/wp-json\/wp\/v2\/comments?post=79"}],"version-history":[{"count":3,"href":"https:\/\/www.myscores.es\/composicion-orquestacion-bandas-sonoras\/wp-json\/wp\/v2\/pages\/79\/revisions"}],"predecessor-version":[{"id":705,"href":"https:\/\/www.myscores.es\/composicion-orquestacion-bandas-sonoras\/wp-json\/wp\/v2\/pages\/79\/revisions\/705"}],"wp:attachment":[{"href":"https:\/\/www.myscores.es\/composicion-orquestacion-bandas-sonoras\/wp-json\/wp\/v2\/media?parent=79"}],"curies":[{"name":"wp","href":"https:\/\/api.w.org\/{rel}","templated":true}]}}